{"id":25,"date":"2012-01-22T05:37:51","date_gmt":"2012-01-22T04:37:51","guid":{"rendered":"http:\/\/www.mdv.sk\/beta\/?page_id=25"},"modified":"2020-09-21T07:43:04","modified_gmt":"2020-09-21T05:43:04","slug":"mapa","status":"publish","type":"page","link":"https:\/\/www.mdv.sk\/beta\/mapa\/","title":{"rendered":"Kontakt"},"content":{"rendered":"<p style=\"padding-left: 30px;\"><img loading=\"lazy\" decoding=\"async\" class=\"wp-image-134 alignright\" title=\"Ing.R\u00f3bert Letko\" src=\"http:\/\/www.mdv.sk\/beta\/wp-content\/uploads\/2012\/07\/In-Work2_c2-227x300.jpg\" alt=\"Ing.R\u00f3bert Letko\" width=\"159\" height=\"210\" border=\"0\" srcset=\"https:\/\/www.mdv.sk\/beta\/wp-content\/uploads\/2012\/07\/In-Work2_c2-227x300.jpg 227w, https:\/\/www.mdv.sk\/beta\/wp-content\/uploads\/2012\/07\/In-Work2_c2-776x1024.jpg 776w, https:\/\/www.mdv.sk\/beta\/wp-content\/uploads\/2012\/07\/In-Work2_c2-113x150.jpg 113w, https:\/\/www.mdv.sk\/beta\/wp-content\/uploads\/2012\/07\/In-Work2_c2.jpg 1235w\" sizes=\"auto, (max-width: 159px) 100vw, 159px\" \/>Letko R\u00f3bert &#8211; MDV<\/p>\n<p style=\"padding-left: 30px;\">Hlinick\u00e1 1<\/p>\n<p style=\"padding-left: 30px;\">831 52 Bratislava 34<\/p>\n<p style=\"padding-left: 30px;\">I\u010cO: 34555510<\/p>\n<p style=\"padding-left: 30px;\">Mobil:+421(905)565\u00a0218<\/p>\n<p style=\"padding-left: 30px;\">Mail: mdv[0x40]mdv.sk \u00a0 \u00a0 (\u00a0[0x40]=@ )<\/p>\n<p><strong>MAPA:<\/strong><br \/>\n<iframe loading=\"lazy\" style=\"border: 0;\" src=\"https:\/\/www.google.com\/maps\/embed?pb=!1m18!1m12!1m3!1d85058.28555185233!2d17.13825151585476!3d48.22449924682049!2m3!1f0!2f0!3f0!3m2!1i1024!2i768!4f13.1!3m3!1m2!1s0x476c8e862642a3ed%3A0x1351070c1b1cb302!2sHlin%C3%ADcka+2444%2F1%2C+831+52+Bratislava!5e0!3m2!1ssk!2ssk!4v1453286185495\" width=\"600\" height=\"450\" frameborder=\"0\" allowfullscreen=\"allowfullscreen\"><\/iframe><\/p>\n<p style=\"text-align: left; padding-left: 30px;\">Prev\u00e1dzka je umiestnen\u00e1 v budove SO\u0160 na Hlin\u00edckej ulici,<br \/>\nna pr\u00edzem\u00ed, \u010d\u00edslo dver\u00ed 47. Te\u0161\u00edme sa na Va\u0161u n\u00e1v\u0161tevu.<\/p>\n","protected":false},"excerpt":{"rendered":"<p>Letko R\u00f3bert &#8211; MDV Hlinick\u00e1 1 831 52 Bratislava 34 I\u010cO: 34555510 Mobil:+421(905)565\u00a0218 Mail: mdv[0x40]mdv.sk \u00a0 \u00a0 (\u00a0[0x40]=@ ) MAPA: Prev\u00e1dzka je umiestnen\u00e1 v budove SO\u0160 na Hlin\u00edckej ulici, na pr\u00edzem\u00ed, \u010d\u00edslo dver\u00ed 47. Te\u0161\u00edme sa na Va\u0161u n\u00e1v\u0161tevu.<\/p>\n","protected":false},"author":2,"featured_media":0,"parent":0,"menu_order":0,"comment_status":"closed","ping_status":"closed","template":"","meta":{"footnotes":""},"class_list":["post-25","page","type-page","status-publish","hentry"],"_links":{"self":[{"href":"https:\/\/www.mdv.sk\/beta\/wp-json\/wp\/v2\/pages\/25","targetHints":{"allow":["GET"]}}],"collection":[{"href":"https:\/\/www.mdv.sk\/beta\/wp-json\/wp\/v2\/pages"}],"about":[{"href":"https:\/\/www.mdv.sk\/beta\/wp-json\/wp\/v2\/types\/page"}],"author":[{"embeddable":true,"href":"https:\/\/www.mdv.sk\/beta\/wp-json\/wp\/v2\/users\/2"}],"replies":[{"embeddable":true,"href":"https:\/\/www.mdv.sk\/beta\/wp-json\/wp\/v2\/comments?post=25"}],"version-history":[{"count":74,"href":"https:\/\/www.mdv.sk\/beta\/wp-json\/wp\/v2\/pages\/25\/revisions"}],"predecessor-version":[{"id":368,"href":"https:\/\/www.mdv.sk\/beta\/wp-json\/wp\/v2\/pages\/25\/revisions\/368"}],"wp:attachment":[{"href":"https:\/\/www.mdv.sk\/beta\/wp-json\/wp\/v2\/media?parent=25"}],"curies":[{"name":"wp","href":"https:\/\/api.w.org\/{rel}","templated":true}]}}